 36*h - 171. Determine v(-41).
34
Let b(n) = n**2 - 54*n + 586. What is b(39)?
1
Let q(x) = -3*x**3 + x**2 + 12*x - 12. Give q(-3).
42
Let b(c) = 2*c**2 + 65*c - 95. Determine b(-34).
7
Let i(w) = -w**3 - 40*w**2 + 84*w + 1. What is i(-42)?
1
Let d(u) = -u**2 + 9*u + 9. Give d(0).
9
Let y(b) = -353*b**2 - 700*b - 15. Calculate y(-2).
-27
Let y(u) = 377*u + 1508. Determine y(-4).
0
Let x(w) = -w**3 - 15*w**2 + 69*w - 104. Calculate x(-19).
29
Let p(w) = -195*w - 1552. What is p(-8)?
8
Let z(g) = g**3 + g - 31. Give z(-6).
-253
Let r(a) = a**3 + 7*a**2 + 2*a + 1. Determine r(-5).
41
Let x(d) = d**2 + 455*d - 3698. Calculate x(8).
6
Let o(x) = -7*x**2 + 479*x - 3905. Calculate o(59).
-11
Let i(u) = 219*u + 2220. Give i(-10).
30
Let q(k) = -294*k + 89380. Determine q(304).
4
Let i(a) = 549*a + 29614. Calculate i(-54).
-32
Let c(g) = 548*g - 6089. What is c(11)?
-61
Let g(x) = 2*x**3 - 62*x**2 + 400*x + 5. What is g(22)?
93
Let g(l) = -12*l**3 + 131*l**2 + 11*l + 17. Determine g(11).
17
Let i(s) = s**3 + 25*s**2 - 18*s + 215. Determine i(-26).
7
Let c(v) = -v**2 + 56*v - 709. Give c(49).
-366
Let h(r) = 41*r - 896. Give h(22).
6
Let c(o) = -268*o - 516. Determine c(-2).
20
Let r(v) = 665*v + 672. Calculate r(-1).
7
Let q(f) = -f**3 + 56*f**2 - 124*f + 871. Determine q(54).
7
Let u(b) = -2*b**3 + 95*b**2 - 224*b - 66. What is u(45)?
-21
Let d(b) = -16*b**2 + 839*b - 372. What is d(52)?
-8
Let x(l) = 2*l**3 - 47*l**2 + 73. Give x(23).
-456
Let c(o) = 29*o + 2017. Determine c(-70).
-13
Let o(a) = 24*a - 50. Determine o(5).
70
Let n(s) = 13*s - 300. Determine n(40).
220
Let o(b) = 31*b + 17. Determine o(0).
17
Let s(f) = 2*f**3 - 24*f**2 + 21*f - 69. Calculate s(11).
-80
Let v(a) = 4*a**2 + 229*a + 184. Give v(-56).
-96
Let t(k) = 39*k + 562. Determine t(-10).
172
Let z(w) = -w**3 - 13*w**2 - 44*w - 2. Give z(-7).
12
Let u(w) = w**3 + 3*w**2 - 11*w - 36. Determine u(-6).
-78
Let f(q) = -q**3 - 22*q**2 + 119*q + 58. Calculate f(-26).
-332
Let m(i) = 25*i + 355. What is m(-14)?
5
Let u(y) = -95*y + 1066. What is u(13)?
-169
Let i(l) = -884*l - 4513. What is i(-5)?
-93
Let g(a) = 14*a + 59. Calculate g(2).
87
Let w(s) = 219*s + 3943. Give w(-18).
1
Let r(o) = -84*o - 342. Determine r(-6).
162
Let q(i) = -i**3 + 42*i**2 - 2*i + 82. Give q(42).
-2
Let s(p) = 6*p**3 + 5*p**2 + 3*p - 26. Calculate s(-4).
-342
Let b(m) = -m**2 + 3131*m - 132782. Calculate b(43).
2
Let g(k) = -9*k**2 - 1551*k - 492. Calculate g(-172).
24
Let z(m) = -m**2 - 162*m - 4155. What is z(-130)?
5
Let r(u) = 32*u - 884. What is r(31)?
108
Let k(i) = i**2 + 79*i + 16. Calculate k(-5).
-354
Let u(a) = a**2 - 24*a + 124. What is u(8)?
-4
Let x(s) = -124*s - 618. Calculate x(-5).
2
Let o(w) = 3*w + 226. Calculate o(-74).
4
Let k(t) = -t**2 + 70*t - 46. Determine k(68).
90
Let l(y) = -3*y**3 + 98*y**2 - 251*y + 55. What is l(30)?
-275
Let j(c) = c**2 + 10*c - 76. Give j(-15).
-1
Let l(i) = i**2 - 15*i - 60. Determine l(18).
-6
Let x(s) = -4*s**2 - 43*s + 20. Determine x(-11).
9
Let b(z) = -31*z**3 + 7*z**2 + 6*z + 1. What is b(-2)?
265
Let d(c) = 8*c**2 + 58*c + 20. Determine d(-6).
-40
Let a(h) = 8*h**2 + 1544*h + 7517. Calculate a(-188).
-3
Let f(g) = -497*g - 5491. Give f(-11).
-24
Let b(y) = 13*y - 743. Determine b(43).
-184
Let s(m) = 8576*m + 60073. Determine s(-7).
41
Let o(u) = -29*u**2 - 27*u + 147. Calculate o(5).
-713
Let p(l) = -l**2 + 25*l - 78. What is p(32)?
-302
Let i(b) = -711*b - 1353. Give i(-2).
69
Let r(c) = -c**2 + 40*c + 192. Determine r(43).
63
Let q(p) = -102*p - 4820. Calculate q(-44).
-332
Let n(w) = -w**2 + 19*w - 490. What is n(0)?
-490
Let q(h) = h**3 + 15*h**2 - 44*h - 862. Determine q(-14).
-50
Let w(p) = -p**2 - 6*p + 961. What is w(0)?
961
Let v(t) = 297*t + 13315. Give v(-45).
-50
Let r(a) = 2*a**2 - 15*a + 9. Determine r(6).
-9
Let g(a) = -a**3 - 9*a**2 - 23*a - 58. Give g(-10).
272
Let y(i) = 10*i**2 - 32*i - 20. Calculate y(4).
12
Let i(v) = -v**2 + 1308*v - 10338. Give i(8).
62
Let i(u) = -u**2 - 76*u - 1160. Calculate i(-21).
-5
Let m(u) = -3*u**2 + 813*u + 3297. Give m(-4).
-3
Let i(g) = 399*g**3 + 4*g**2 + 13*g - 15. Determine i(1).
401
Let o(t) = -1765*t - 3536. Calculate o(-2).
-6
Let d(g) = 2*g**2 - 60*g - 1765. What is d(48)?
-37
Let n(w) = w**2 + 28*w - 4. What is n(-20)?
-164
Let i(a) = -a**2 + 58*a - 442. Determine i(44).
174
Let o(x) = x**3 - 67*x**2 + 433*x - 104. Calculate o(7).
-13
Let p(r) = 6*r**2 + 92*r + 18. Give p(-18).
306
Let s(g) = 510*g + 1526. Give s(-3).
-4
Let w(d) = 401*d + 19262. Determine w(-48).
14
Let l(r) = r**3 - 140*r**2 - 574*r - 266. What is l(144)?
22
Let u(w) = -33*w + 4347. Calculate u(132).
-9
Let v(r) = -6*r**3 - 82*r**2 + 21*r + 28. Calculate v(-14).
126
Let p(j) = -27*j - 1550. Calculate p(-50).
-200
Let z(c) = 2*c**3 + 4*c**2 + c - 1. What is z(-5)?
-156
Let u(b) = b**3 - 4*b**2 - 16*b + 26. Calculate u(5).
-29
Let t(s) = -10*s**2 - 87*s - 174. Calculate t(-2).
-40
Let l(h) = -2*h**2 + 10254*h - 71681. What is l(7)?
-1
Let l(s) = 167*s - 17210. What is l(103)?
-9
Let d(u) = 64*u - 1720. What is d(27)?
8
Let q(b) = 10*b**2 + 40*b + 196. What is q(-4)?
196
Let y(u) = -u**3 + 10*u**2 - 37*u + 35. What is y(10)?
-335
Let t(k) = 3*k**3 - 6*k**2 - 29*k + 176. Calculate t(6).
434
Let y(g) = g**2 - 45*g - 163. Calculate y(62).
891
Let w(s) = -9*s**3 - 4*s**2 + 7*s + 12. Give w(3).
-246
Let q(o) = -459*o - 2326. Determine q(-5).
-31
Let r(y) = -16*y**2 + 71*y + 5. Determine r(5).
-40
Let k(p) = 64*p**2 + 18*p - 17. Calculate k(1).
65
Let k(n) = -4*n**2 - 26*n + 17. Give k(0).
17
Let o(x) = 21*x - 848. Give o(48).
160
Let m(f) = 154*f - 11698. What is m(76)?
6
Let o(q) = 9*q**2 + 2*q - 28. What is o(6)?
308
Let a(y) = y**3 + 20*y**2 + 40*y + 387. Give a(-19).
-12
Let p(m) = -m**3 + 2*m**2 - 74*m - 6. Determine p(0).
-6
Let g(l) = -3*l**2 - 20*l + 31. Determine g(-6).
43
Let f(g) = -28*g + 220. Determine f(6).
52
Let a(h) = 2*h**2 + 29*h + 146. What is a(-6)?
44
Let h(g) = g**3 + 51*g**2 + 144*g + 52. Determine h(-48).
52
Let c(n) = 222*n + 4239. What is c(-19)?
21
Let c(p) = 61*p + 1385. What is c(-23)?
-18
Let s(l) = 353*l + 1457. Determine s(-4).
45
Let t(a) = a**3 - 43*a**2 + 49*a - 231. Determine t(42).
63
Let q(h) = 2*h**3 + 2*h**2 + 5*h - 16. Calculate q(-4).
-132
Let z(m) = 25*m - 858. Determine z(34).
-8
Let u(x) = 2*x**2 + 128*x - 1034. Determine u(-71).
-40
Let h(y) = -y**2 + 430*y - 3760. Determine h(9).
29
Let g(n) = -4*n**2 - 1031*n - 6800. What is g(-251)?
-23
Let i(a) = 22*a**2 + 322*a + 546. Give i(-2).
-10
Let x(v) = 17*v**2 + 8*v + 7. Give x(-3).
136
Let t(x) = 2*x**3 + 15*x**2 + 15*x - 6. Calculate t(-7).
-62
Let d(q) = -q**2 - 147*q + 281. Calculate d(2).
-17
Let f(i) = -i**3 - 10*i**2 - 20*i + 31. Determine f(-11).
372
Let t(d) = -9*d**2 - 455*d + 198. Give t(-51).
-6
Let v(a) = a**3 - 61*a**2 + 134*a - 742. Give v(59).
202
Let o(u) = 4*u**2 - 1217*u + 7442. Give o(298).
-8
Let m(v) = -1794*v + 14376. What is m(8)?
24
Let v(b) = -16*b + 421. What is v(26)?
5
Let d(v) = -v**3 + 105*v**2 - 91*v - 1379. Determine d(104).
-27
Let k(d) = 3*d**3 - d**2 - 5*d - 7. Determine k(-2).
-25
Let p(g) = -735*g - 5140. Determine p(-7).
5
Let s(t) = 8*t**2 + 6*t + 45. Determine s(-4).
149
Let m(t) = t**3 - 409*t**2 + 818*t - 1621. Calculate m(407).
7
Let k(q) = 41*q - 222. Give k(-3).
-345
Let q(l) = -29*l**2 - 222*l - 199. Determine q(-7).
-66
Let a(n) = 62*n - 185. Calculate a(3).
1
Let h(s) = s**3 - 14*s**2 - 31*s - 93. What is h(16)?
-77
Let f(v) = -v**3 + 9*v**2 - 13*v + 1. Calculate f(7).
8
Let f(w) = -5*w**2 - 5*w + 79. Give f(4).
-21
Let q(u) = u**3 - 9*u**2 - 32*u + 13. Give q(11).
-97
Let t(l) = -l**3 + 20*l**2 + 20*l + 14. Determine t(21).
-7
Let a(p) = p**2 + 8*p + 7. Give a(-7).
0
Let b(z) = 3*z**2 - 99*z + 496. Calculate b(6).
10
Let a(j) = 1353*j - 1287. Give a(1).
66
Let i(b) = -2*b**2 - 107*b + 1339. What is i(-64)?
-5
Let r(o) = o**3 + 24*o**2 - 116*o - 25. Determine r(-28).
87
Let l(o) = -7*o**2 + 10*o - 3. Give l(2).
-11
Let y(a) = -38*a + 532. What is y(14)?
0
Let g(l) = -l**3 - 15*l**2 + 17*l + 7. Give g(-15).
-248
Let y(t) = -t**2 - 86*t - 455. Determine y(-79).
98
Let i(o) = o**3 - 55*o**2 + 52*o + 165. Calculate i(54).
57
Let g(w) = -w**3 + 24*w**2 - 126*w - 27. What is g(16)?
5
Let q(p